. Calculate q(n).
0
Let q(b) = -5*b - 3. Let r(h) = -h. Let j(v) = -2*q(v) + 11*r(v). What is j(5)?
1
Let z(l) be the second derivative of -1/2*l**2 - 3*l - 1/3*l**3 + 0. Let m be 12/18*(-9)/(-2). Calculate z(m).
-7
Suppose 0 = f - 2*f. Suppose -3*h + 15 = -f*h. Suppose -3*q - 3*s = 3, h*q - 5*s + 3 = -12. Let t(n) = -4*n. What is t(q)?
8
Let k(t) be the third derivative of t**5/30 + t**4/24 + t**3/2 + 2*t**2 - 89. What is k(-4)?
31
Let w = 4 + -2. Let l(m) = -13*m + 30. Let n(x) = 18*x - 42. Let p(d) = 7*l(d) + 5*n(d). What is p(w)?
-2
Let q be 6/(-18) + (-128)/(-6). Let f = -19 + q. Suppose -4*p - 27 = -k, -f*k = -0*k + 5*p + 11. Let z(y) = y**2 - 8*y - 1. Determine z(k).
-8
Let w(x) = -x**2 - 7*x - 2. Suppose 5 - 24 = -j. Let k = j + -35. Let s be (-15)/(-10)*k/6. What is w(s)?
10
Let k(s) be the first derivative of -s**3 + 7*s**2/2 - 5*s + 67. Let a be (-3)/(-2)*8/3. Determine k(a).
-25
Let l(x) = 9597 - 9597 - x. Calculate l(3).
-3
Let y = 361 + -369. Let i(s) = -2*s - 12. Give i(y).
4
Let o be (1/(-2))/((-5)/300). Let t be (1*(-3)/2)/((-6)/32). Suppose t*i + o = 3*i. Let b(z) = -z**3 - 7*z**2 - 5*z + 6. Determine b(i).
0
Let w = 247 + -248. Let y(z) = z**2 - 3*z - 4. Determine y(w).
0
Let t(h) = h**2 + 5 - 11 - 8 + 13*h + 1. Calculate t(-14).
1
Let z(t) = t - 8. Suppose 3*o - 73 = -1. Suppose m = -7 + o. Let g = m + -11. Calculate z(g).
-2
Let a(d) be the second derivative of 7/24*d**4 + 5/2*d**2 - 1/60*d**5 + 4*d + d**3 + 0. Let j(b) be the first derivative of a(b). Determine j(7).
6
Suppose -5*p + 15 = -5*f, -3 - 4 = p + 4*f. Let g(u) be the second derivative of 11*u**4/12 - u**3/6 + u**2/2 - u. Determine g(p).
11
Suppose 2*o = -4*g + 5*g + 15, 3*g - 3 = -2*o. Let f(h) = h**3 - 5*h**2 - 4*h - 6. Calculate f(o).
6
Let d(x) = -7*x**2 + 5. Let y(h) = 6*h**2 - h - 6. Let z(t) = -2*d(t) - 3*y(t). Let l(a) = -3*a**2 + 3*a + 7. Let n(q) = 6*l(q) - 5*z(q). Determine n(-2).
4
Let q(p) = -p**3 - 5*p**2 - 3*p - 3. Let c(a) = 7*a + 31. Let t = 48 + -53. Let i be c(t). Determine q(i).
-7
Let r = 1 - -4. Let l(u) = 1 + 0 + u**2 - 1 + 1. Let i(v) = -3*v**2 + 5*v - 3. Let a(h) = i(h) + 2*l(h). What is a(r)?
-1
Let u(l) = -l**2 - 7*l - 6. Let q be u(-5). Let b be (-4)/(-6)*18/q. Suppose -3 = -0*c + b*c. Let v(m) = -m**2 - 2*m - 1. What is v(c)?
0
Let k(u) be the second derivative of -u**5/20 + u**4/3 - u**3/6 + 3*u**2/2 - 619*u. What is k(4)?
-1
Let c(b) = 34*b**2 - 5*b - 5. Let m be c(-1). Suppose 10 = -4*v + 2*n, -n - m = 4*v - 15. Let y(f) = -f**3 - 2*f**2 + 6*f + 3. Give y(v).
11
Suppose t - 23 - 6 = -5*i, -16 = -4*i. Let k(r) = -r**2 + 8*r + 7. What is k(t)?
-2
Let i(k) be the third derivative of k**5/30 + k**4/24 + 14*k**2. Let v(d) = d + 9*d - d**2 + 4 - 10*d + 5*d. Let j be v(6). Calculate i(j).
6
Suppose -8*v + 18 = -22. Suppose 4*f = -v*f - 54. Let i(m) = m**3 + 5*m**2 - 4*m + 8. Give i(f).
-4
Suppose -11 - 19 = -3*v. Suppose 0 = -3*i - 2*i + v. Let w(c) = -3*c + c + 3 - 2*c**i + 5*c + c**2. Give w(3).
3
Let y(l) = -l**3 - 3*l**2 + 6*l + 3. Let w(s) = -14 + 42*s - 84*s + 41*s. Let t be w(-10). Calculate y(t).
-5
Let y(v) = -v**2 + 6*v - 6. Suppose 22 = 6*i + 16. Suppose 5*j + 2*f - 29 = i, j + 5*f = 6. What is y(j)?
-6
Let r be -2 + 4 + 44/(-4). Let h(i) = -i - 15. Give h(r).
-6
Let a(b) = -4*b**2 + 1. Suppose -x = -4*u + 3, -16 + 8 = -5*u - 3*x. What is a(u)?
-3
Let x(j) = -j**2 - 9*j - 6. Let r be x(-7). Let o(y) = 11*y - y**2 + r*y**2 - 11*y. Let s be (-1)/(1 - 0/(-1)). Calculate o(s).
7
Let t = -49 - -50. Let y(p) = -4*p**2 - 4*p - 1. Let w be (-4 + 7)*4/(-3). Let o(k) = -4*k**2 - 3*k - 1. Let s(u) = w*o(u) + 3*y(u). What is s(t)?
5
Let d = -19 + 29. Let y(m) = -m**3 + 2*m - 6*m**2 + d + 9*m**3 - 9*m**3 - 2. Calculate y(-6).
-4
Let w = 22 + -20. Let d(t) = -3*t - t + 2 + 5*t**w + 0*t**3 - t**3. Let b = 78 + -76. Calculate d(b).
6
Let d(o) = -o**2 + 11*o + 8. Suppose 0 = 5*f + 14*f - 190. Determine d(f).
18
Suppose -4*u = 4*t + 7 - 51, 3*t + 4*u = 38. Suppose -t*s + 6 = -3*s. Let i be 4/(-5)*5/s. Let v(x) = -6*x + 1. Determine v(i).
13
Let d(u) be the second derivative of u**3/3 - 5*u**2 + 70*u. Give d(5).
0
Let o(w) = -w - 1. Let i be o(-5). Let l(j) be the first derivative of 6 + j + 1/2*j**2 - 1/3*j**3. Determine l(i).
-11
Let m(l) = 1 - 2*l - 8*l + 8. Give m(6).
-51
Let h be (-2 + (-8)/(-12))*3. Let d be (-7)/14 - (-14)/h - 0. Let g(i) = -2*i**2 - 5*i - 1. Determine g(d).
-13
Let u(f) be the second derivative of -f**5/20 + 5*f**4/6 - f**3 + 6*f**2 + 45*f - 2. Give u(9).
39
Let m(v) = v**2 + 9*v + 11. Suppose 1591*u - 40 = 1596*u. Determine m(u).
3
Let x(r) = -r. Let w(y) = -2*y + 15. Let h be w(5). Suppose h*v - 31 = -16. What is x(v)?
-3
Let w(v) = v**3 - 12*v**2 - 10*v + 1. Let o be w(13). Suppose -4*m + 18 = -2*m - 2*n, -5*m + 4*n + o = 0. Let s(j) = j**3 - 4*j**2 - j - 3. Give s(m).
-7
Let h(s) = 146*s**3 - 147*s**3 + s**2 + 6*s - 1 - 5*s**2. Let o be 33/(-7) + 4/(-14). Let d be ((-4)/(-2))/(2/o). Determine h(d).
-6
Suppose 0 = -r - 2*r. Suppose k + 0 - 7 = r. Let f be (-16)/(-2)*k/14. Let c(s) = -s + 5. Calculate c(f).
1
Suppose -127*q = -139*q + 84. Let z(s) = -2*s + 22. Calculate z(q).
8
Suppose -3*o = 2*x - x + 6, 3*x + 18 = -o. Suppose -5*z - 4 = -14. Let r(k) = 3 + k - 4*k - 1 + z*k. Give r(x).
8
Let q = 332 - 327. Let i(m) = -m + 7. Calculate i(q).
2
Let n(g) = 3*g**2 - 4*g**2 + 0*g**2 + 9*g - 9. Let c = -79 - -87. Let x be n(c). Let i(q) = 2*q**3 - 2*q - 1. Give i(x).
-1
Let s(k) = -10 - 25*k - 21*k - 26*k + 101*k - 30*k. Determine s(-13).
3
Let l(o) be the second derivative of -o**4/3 - 4*o**3/3 + o**2 + 8*o. Let f(y) = -y**2 - y + 1. Let d(g) = -5*f(g) + l(g). Let j = 54 + -50. Calculate d(j).
1
Let s(m) = -m**3 + 9*m**2 - 11*m + 9. Suppose 0 = 34*b - 21*b - 104. Determine s(b).
-15
Let v(n) = -n**3 + 2*n**2 - 4*n - 8. Let b(t) = t + 1. Let u(j) = 5*b(j) + v(j). What is u(4)?
-31
Let m(u) be the third derivative of 7*u**6/360 + 31*u**3/6 - 11*u**2. Let q(i) be the first derivative of m(i). Calculate q(-1).
7
Let p(m) = m**2 - 5*m - 9. Let w be 2/11 - (-375)/55. Give p(w).
5
Let c(j) be the third derivative of -1/6*j**4 + 1/3*j**3 + 0*j - 41*j**2 + 1/30*j**5 + 0. Suppose -3*n + z = -7, 3*n + 3 - 14 = -z. Give c(n).
8
Let m(n) = 19 + 19 - 40 + 12 + n. What is m(0)?
10
Let x(t) be the first derivative of 5/2*t**2 + 0*t + 17 - 1/3*t**3. Determine x(3).
6
Let p = -13 - -16. Let d(z) = -5 + 2 - p - z. Let t(q) = 1. Let r(v) = d(v) - 5*t(v). Give r(-6).
-5
Suppose -o - n = -2*o - 5, o - 2*n + 9 = 0. Let c(s) be the first derivative of 4*s**2 - 2 - s + 1 - 5*s**2. What is c(o)?
1
Let m = -1150 - -1147. Let k(f) = f**3 + f**2 - 3*f + 1. Give k(m).
-8
Let q(l) = -3 + 161*l**2 - 2*l + 2 + 8*l**3 - 162*l**2 + 0. Let h be (-1)/(-2)*(-3 - -1). Determine q(h).
-8
Let x(s) be the first derivative of s**7/840 + s**6/60 - 5*s**4/24 - 8*s**3/3 + 4. Let r(h) be the third derivative of x(h). Calculate r(-6).
-5
Suppose -5*w = q + 21, 2*w - q = -0*q - 14. Let t(d) = -2*d**3 - 4*d**2 - 8*d + 5. Let j(i) = 3*i**3 + 8*i**2 + 15*i - 9. Let k(g) = w*t(g) - 3*j(g). Give k(5).
2
Suppose 5*q + 2*w - 30 = 0, 0 = 4*q - 4*w + 14 - 66. Suppose -4*t + q = -2*t. Let f = 8 - t. Let n(p) = -p + 1. Give n(f).
-3
Suppose -56*u + 1980 = 43*u. Let w(c) = -2*c + 8. What is w(u)?
-32
Let b(x) be the third derivative of 1/30*x**5 - 1/24*x**4 - 1/6*x**3 - 1/120*x**6 + 0 - 38*x**2 + 0*x. Determine b(3).
-13
Let b(m) be the first derivative of m**6/60 + m**5/12 + m**4/6 + m**3/6 - 5*m**2/2 - 5. Let x(c) be the second derivative of b(c). What is x(-3)?
-20
Suppose 0 = -5*f - 11 - 9. Let i(v) = 0*v**2 - 13 + 11 - v**2 + 0*v**2. Calculate i(f).
-18
Let a(q) = -q**3 + 6*q**2 - 2*q + 5. Let z(l) = -4*l**3 - 2*l**2 - 2*l - 1. Let h be z(-1). Let p be 2 - h/(12/40). Let m be (90/(-20))/(6/p). Determine a(m).
-7
Let x(i) be the second derivative of -i**4/6 - 29*i**3/6 - 15*i**2 + 56*i + 7. What is x(-13)?
9
Let o(a) = -4*a + 2. Let x = 1333 + -1322. What is o(x)?
-42
Let p(x) = x**3 - x**2 - x. Let o(n) = 4*n - 10*n**3 + 3*n**3 + 0*n + 3 + 10*n**2. Let t(u) = o(u) + 6*p(u). Suppose 18 = -0*k + 6*k. Determine t(k).
6
Let m(t) be the second derivative of -t**5/20 - t**4/4 + t**3/3 - 5*t**2/2 + 13*t. Let n be 1 + 4*-2 + 3. Calculate m(n).
3
Let v(x) = x + 16. Let g = -305 - 